culate l(n).
5
Let v(a) be the first derivative of -a**2 - 8*a - 338. Give v(3).
-14
Let o(a) = -2*a + 37. Let f(c) = -65*c + 19 + 34*c + 30*c. Let b(s) = 7*f(s) - 3*o(s). Determine b(0).
22
Let p(s) be the second derivative of s**6/360 + s**5/120 + s**4/24 + s**3 - 6*s**2 - 115*s. Let f(z) be the second derivative of p(z). Calculate f(-3).
7
Let d = -10948 - -10975. Let q(z) = -z**2 + 25*z + 42. Calculate q(d).
-12
Let o(x) = 5*x - 1. Let c(a) = -25*a**2 - a**3 + 3*a + 81 - 33 + 3*a**2 - a. Let j be c(-22). Suppose -2*g = 4*b - 2*b + 4, -j*b + 32 = -4*g. Determine o(b).
14
Let p(b) = -5*b - 44*b**3 + 58 - 31*b**3 + 77*b**3 + 22*b + 29*b**2. Calculate p(-14).
16
Let r(l) = l**2 + 3*l + 1. Suppose -4*i = 3 + 13, 22 = -3*b - 4*i. Let d be ((-1 - b)*0)/1. Suppose d = 2*u - 4*u - 4. What is r(u)?
-1
Let x(j) be the second derivative of -5*j**3/2 - 7*j**2 - 5495*j. Give x(3).
-59
Let n be (2 - 4 - -4)/1. Let a(b) = 43 - b**n - 8*b - 49 + 0*b**2. Let k = -100 - -96. Give a(k).
10
Suppose 0 = 2*g + 2*l + 12, 3*l + 2*l = 5*g. Let c be g + (5 - (-5 + 3)). Let s(r) = 168 + 4*r - 170 - r - c*r. Calculate s(-1).
-1
Let n(o) = -7*o**2 - 6*o. Let b(c) = -5*c**2 - 4*c. Let i(a) = 3*b(a) - 2*n(a). Give i(-1).
-1
Let p(m) = m**3 + m - 1. Let x = 540 - 539. Let u(d) = 5*d**3 + 6*d**2 + 4*d + 3. Let o(i) = x*u(i) - 6*p(i). Determine o(6).
-3
Let p(h) = -4*h**3 - h**2 + 13*h. Let m(d) be the first derivative of -3*d**4/4 + 11*d**2/2 + 10. Let r(b) = -5*m(b) + 4*p(b). Determine r(-3).
0
Let l be (-1 + 0 + 12/9)*9. Let a(f) = -1 - f + 4 - l. Determine a(-6).
6
Let z(q) be the second derivative of q**7/2520 - 7*q**6/720 + q**5/15 + 2*q**4/3 + 4*q**3/3 - 74*q. Let r(d) be the third derivative of z(d). Give r(5).
-2
Let h(m) = -m**2 - 12*m - 3. Let y(v) = 2*v**2 + 23*v + 7. Let a(f) = -2*f + 58. Let o be a(26). Let n(g) = o*y(g) + 11*h(g). What is n(-7)?
16
Let r(v) = v**3 + 28*v**2 - 14*v - 9. Let w(d) = 2*d**3 + 33*d**2 - 14*d - 11. Let i(t) = 3*r(t) - 2*w(t). Determine i(17).
46
Let m(x) be the second derivative of -x**4/3 + 2*x**3/3 - 576*x. Determine m(-2).
-24
Let p(y) = -3*y**3 - 3*y**2 - 3*y + 5. Let l(x) = x**3 - x**2 - 2. Let j(w) = 2*l(w) + p(w). Let a = 177 - 181. Determine j(a).
-3
Let g(s) = s + 2741 - 1376 - 1371. Let l = 20 + -14. Determine g(l).
0
Suppose -4*n + 4*j + 20 = 0, -8 = -n + 2*j - 1. Suppose -4*l + 3*b = 5, -2*l - n*l = 4*b + 45. Let h(c) = c**2 + 6*c - 6. Determine h(l).
-11
Let a(y) = 23*y**2 + 9*y - 6. Let g(f) = 58*f**2 + 18*f - 10. Let b(k) = 5*a(k) - 2*g(k). Determine b(8).
-2
Let l be 65/(-26)*(2 + -10 + 6). Let v(t) = t**3 - 3*t**2 + 27*t - 191. What is v(l)?
-6
Let s be 8/4 - (-107)/1. Let k = -72 + s. Let g(d) = -d**2 + 26 + 0*d - k - d. Determine g(0).
-11
Let a be (-33)/(-396) + (-846)/(-216). Let v(t) be the second derivative of t**2/2 + t. Let j(y) = -y**2 + y + 5. Let b(r) = j(r) - 2*v(r). Calculate b(a).
-9
Let q(o) be the third derivative of o**7/840 + o**6/60 + o**5/30 - o**4/3 + 47*o**3/2 - 188*o**2. Let l(k) be the first derivative of q(k). Determine l(-4).
8
Let v be (-3)/2*(-2478)/531. Let l(x) be the first derivative of -3/2*x**2 + v + 1/3*x**3 + 3*x. Calculate l(4).
7
Let a(f) be the first derivative of f**2 + 36*f + 2503. What is a(-12)?
12
Let h(d) = 0*d**2 + d**3 + 708929 - 708935 + 10*d**2. Calculate h(-10).
-6
Let w(h) = -h**3 + 14*h**2 + 14*h + 28. Let y = -1920 + 1935. Give w(y).
13
Let v(z) be the second derivative of 97*z + 0 - 10*z**2 - 1/3*z**3. Give v(-11).
2
Let d = 130307 - 130308. Let j = -1 - -3. Let b(h) = h**3 + 1 + h**j - h**3 + 2*h - 4*h**3. What is b(d)?
4
Let l(v) = -v**3 + 6*v**2 - 30*v + 62. Suppose 405*q - 21 = -5*b + 403*q, 0 = 4*b + 5*q - 27. Determine l(b).
-1
Suppose 868*x - 440 = 824*x. Let z(u) = -2*u**2 + 12*u + 7. What is z(x)?
-73
Let n be (33 - 2)*(-2)/(2/9). Let q = n - -286. Let b(u) = -4*u + 5. Calculate b(q).
-23
Let s(t) = -t**3 - 7*t**2 - 3*t - 9. Let u be (-1910)/(-70) - 2/7. Let i = 20 - u. Determine s(i).
12
Let z be ((-39325)/10725)/((-2)/(-6)). Let n(a) = -3 + 1 - 2 - a. Calculate n(z).
7
Let v(o) = -o + 3. Let w be -1*1 - (-1)/(-1). Let u be v(w). Suppose 2*r + 1 + 1 = -2*m, 14 = -u*m + 4*r. Let p(f) = -f**3 + 2. Determine p(m).
10
Suppose -v + 100 = 49*v. Let x(q) = -17*q**v - q + 18*q**2 - q. Determine x(4).
8
Let u(s) be the second derivative of -12*s - s**2 - 3 - 1/2*s**3 + 1/12*s**4. Calculate u(3).
-2
Let y(d) be the second derivative of -d**3/3 - 2*d**2 - 8*d. Let h(k) = 22*k - 80. Let a be h(4). What is y(a)?
-20
Let t(z) = -z**3 - 4*z**2 + 2*z + 1. Let i(v) = -2*v**3 - 10*v**2 - 2*v + 16. Let x be i(-5). Suppose 6*d = -x*d - 128. Determine t(d).
-7
Let v(q) = 2*q**3 - 9*q + 1. Let h be v(-6). Let s be 11/(-6) - -2 - h/78. Suppose -4*j + 45 = s*a, 2 = 2*a - j - 3. Let u(g) = -g**2 + 8*g - 3. Calculate u(a).
12
Let w(d) = -d**3 + 8*d**2 - 7*d + 9. Let n be w(7). Suppose n*f + 19 - 82 = 0. Let h = f + -9. Let p(o) = -3*o - 1. Determine p(h).
5
Suppose -3*p + 2*c = -c - 42, -2*p + 36 = -4*c. Let l be 14/6 - (p/3 + -4). Let h(d) = -2 + d**2 - 4*d**l + 3*d**3 + 256*d - 254*d. Determine h(2).
-2
Let l(h) = 4*h**3 - 7*h - 6. Let n(q) = q**3 + q**2 - q - 1. Let o(r) = -l(r) + 3*n(r). Let u = -185773 + 185778. Calculate o(u).
-27
Let o(k) = k**3 - 519*k**2 - 2*k + 1053*k**2 - 526*k**2 - 6. Give o(-8).
10
Suppose 0 = 2*n - 3*h + 6, 0*n - 3*n + 4*h = 7. Let m be (-8)/36 + (n - 6/(-27)). Let p(x) = -3*x + 21*x**3 + 2 + 4*x - 3*x**2 - 22*x**m. What is p(-3)?
-1
Let z(p) = -8*p**2 + p - 2. Let g(n) = -30*n**2 - 10*n - 4. Let y(v) = g(v) - 4*z(v). What is y(9)?
40
Let o(b) = -b**3 + 5*b**2 + 2*b - 28. Let u(c) = c**3 + 6*c**2 + 2*c - 8. Let a be u(-2). Determine o(a).
-4
Let t(v) = 14*v**2 - 9*v - 7. Suppose j + 4*k = -2, -3*j = -4*k + 14 + 8. Let n(p) = -12*p**2 + 8*p + 6. Let y(d) = j*n(d) - 5*t(d). Calculate y(3).
8
Let c(q) be the third derivative of -1/12*q**5 + 0*q - 65*q**2 + 1/6*q**3 + 0 + 0*q**4. Calculate c(-1).
-4
Let h(u) be the third derivative of -197*u**2 + 0 - u**3 - 1/24*u**4 + 0*u. Determine h(-8).
2
Let o be (-248)/5 + (-9)/(-15). Let k = o - -57. Let v(d) be the first derivative of d**2/2 - 5*d + 3. Give v(k).
3
Let i(j) = -2*j**2 + 9*j + 7. Suppose 2*u + 22 = -4*p, 5*u = -5*p - 26 + 6. Give i(u).
16
Let s(o) = -21*o**3 - 2*o**2 + 7*o + 18. Let n(i) = 136*i**3 + 11*i**2 - 44*i - 109. Let j(a) = 2*n(a) + 13*s(a). Give j(-4).
4
Let k(y) be the first derivative of y**2/2 - 7*y + 1. Let w = 1 - -3. Suppose -23 = 3*x - 5*j, -4*j = x - 2 + w. Give k(x).
-13
Suppose -41*j + 4*j - 314 + 129 = 0. Let u(n) = -4*n**2 - 24*n + 4. Calculate u(j).
24
Let k(u) = 23*u + 5 + 41*u - 66*u. Suppose -t + 6 = t. Suppose -3*s - s + 2*g = -10, 3*s + t*g = 30. Calculate k(s).
-5
Let r(w) be the third derivative of w**4/8 - 5*w**3/2 + 43*w**2. Let s(j) = 5*j**3 - 9*j**2 + 4*j - 5. Let a be s(2). What is r(a)?
6
Let d(v) = 33*v + 37. Let r(h) = -71*h - 78. Let f(o) = 13*d(o) + 6*r(o). Determine f(-12).
-23
Let t(n) be the third derivative of -n**5/60 + n**4/8 + n**3/3 - 27*n**2 - 1. Let d(b) = 4*b - 3. Let p be d(2). Determine t(p).
-8
Let w(s) = 4*s + 6. Let y = 829 - 818. Suppose -44*t + 297 = -y*t. Give w(t).
42
Suppose -u + 15 - 12 = 0. Let x(q) = -2*q - 3. Let y(b) = 3*b + 9. Let n(v) = u*y(v) + 8*x(v). What is n(2)?
-11
Let c(k) = k**2 - 20*k + 25. Let m be (6 + 0 - 8 - -13) + 8. What is c(m)?
6
Suppose 102 + 350 = 4*k. Let x = 121 - k. Let j(s) = -s**2 + 7*s + 1. Calculate j(x).
-7
Let m(u) = 23*u**3 + u**2 + 3 - 12*u - 16*u**3 + 2*u + 0*u**2. Let w(j) = -5*j**3 + 8*j - 3. Let r(x) = 2*m(x) + 3*w(x). Give r(3).
0
Let h(a) be the second derivative of a**4/12 - 4*a**3/3 - 10*a**2 - 1459*a. Give h(9).
-11
Let v(x) = -6*x + 2 - 9*x**2 + 15*x**2 - 6*x + 21*x - 11*x. What is v(1)?
6
Let d(b) = -1067 + 1082 - 7*b + 4*b. Let y = 497 - 491. Calculate d(y).
-3
Let x(i) = -i**3 + 3*i**2 + 4*i - 5. Let z be x(3). Let o = -71 + 75. Let w(l) = -70 + 66 - o*l - 2*l**2 + 3*l**2. Calculate w(z).
17
Let j(x) = x**3 + 14*x**2 + 41*x + 4. Let k be j(-4). Let z(i) = i**3 + 3*i**2 - 2*i + 46. Calculate z(k).
46
Let l(z) be the first derivative of z**4/4 + 6*z**3 - 17*z**2/2 + 3*z - 5767. Give l(-19).
-35
Let f(r) = r**3 + 2*r**2 - 4*r + 3. Suppose 97*n = 34 + 63. Give f(n).
2
Let d be -13 + (-3